et h be ((-3)/(-9))/(w/(-102)). What is the highest common divisor of 34 and h?
17
Suppose -t = 4*i - 61 - 72, -3*t + 383 = -4*i. Let r = -41 + t. Calculate the highest common factor of 8 and r.
8
Suppose -4*n + 4 = b - 2*n, -5*b + n - 13 = 0. Let p = 13 + b. What is the greatest common factor of 33 and p?
11
Suppose 3*p - 11 = 4*k + 51, p - 3*k = 24. What is the greatest common divisor of 90 and p?
18
Suppose -2*l + 2 = -4. Suppose l*z + 1 = 4*z - 3*y, 3*y - 38 = -2*z. Calculate the highest common factor of z and 65.
13
Suppose -5*x = -x - 228. Let y(w) = -w**3 - 4*w**2 + 4*w - 7. Let o be y(-5). Let r be (-228)/(-18)*(-6)/o. What is the highest common divisor of r and x?
19
Suppose 0 = -3*t - 3*l - 0*l - 6, -2*l = -4*t + 22. Let b be 2*11/(-6)*-3. Let h = 20 - b. Calculate the highest common factor of t and h.
3
Suppose 0 = -5*c - 7 + 42. What is the highest common divisor of c and 49?
7
Let o be 88/5 - (-2)/5. Suppose 2*f + 2*f - 180 = 0. Calculate the highest common divisor of f and o.
9
Let r(h) = -4*h + 3. Let z be r(-1). What is the greatest common factor of z and 7?
7
Let f be (54/4)/((-15)/(-20)). Let w = -13 - -40. Calculate the greatest common factor of w and f.
9
Let u(y) = -y**3 - 3*y + 4. Let j be u(-4). Calculate the greatest common divisor of j and 16.
16
Suppose -o + 25 = -0*o. Suppose 0 = -3*u + 2*u + 2. Suppose 2*n - 60 = -5*h, -3*h + 5*h - 30 = -u*n. What is the highest common divisor of h and o?
5
Suppose 0 = -5*n - 0*n + 35. Suppose -4 = -n*h + 3*h. What is the highest common divisor of 11 and h?
1
Let o = -17 - -32. Suppose -3*z + o = 2*z. Calculate the highest common divisor of z and 12.
3
Let v be 18/(-12)*(-3 - 87/9). Let j = 177 + 32. Calculate the highest common divisor of j and v.
19
Let o(c) = -2*c**3 - 6*c**2 + 3*c + 3. Let m be o(-5). Calculate the greatest common factor of 22 and m.
22
Suppose -a - c + 416 = 0, 403 = 4*a - 5*c - 1243. Calculate the highest common divisor of a and 46.
46
Suppose -5*c + 11 = -9. Suppose 113 - 17 = 3*j. What is the highest common divisor of j and c?
4
Let c be -5*(-3)/(-3)*-2. Suppose -20 = -d + c. What is the greatest common divisor of 6 and d?
6
Let l = -6 + 10. Suppose 2*s - 6*s - l*a = -252, 312 = 5*s + 4*a. Let c be 1/4 - (-47)/4. What is the highest common factor of c and s?
12
Let l(p) = -p + 26. Let z be l(-10). What is the highest common factor of z and 90?
18
Suppose 4*y = -77 + 197. Suppose -y + 80 = 5*n. Calculate the highest common factor of 2 and n.
2
Let c be -3*2*2/6. Let q be (-5 + 13)*(-15)/c. Let s be -5*(-6)/5*4. What is the highest common divisor of s and q?
12
Suppose -3*q - 5*s - 20 = -48, -26 = -4*q - s. What is the greatest common divisor of 6 and q?
6
Let j = -27 + 16. Let b = 27 + j. Let x = -386 + 394. What is the highest common factor of b and x?
8
Let s be 61 + -2 + (2 - 1). What is the highest common divisor of s and 24?
12
Let d = 142 - 22. Let q = 26 + -11. What is the highest common divisor of d and q?
15
Suppose v + 1 = 0, 2*v - 54 = 4*o - 0*v. Let k be (-836)/o + 4/14. Calculate the greatest common factor of k and 24.
12
Let h(k) = k**3 + 5*k**2 - k. Suppose 5*l + 2 + 23 = 0. Let w be h(l). Let z = w + 1. What is the greatest common factor of z and 4?
2
Let g(a) = a**2 - 3*a - 6. Let f be g(-6). Calculate the highest common divisor of 6 and f.
6
Suppose -4*u = -8*u. Suppose u = -2*n - n + 9. Suppose -n*i + 11 + 1 = 0. What is the highest common factor of 4 and i?
4
Suppose 5*h - 1 - 19 = 0. Suppose -6*t = -3*t - 312. Suppose -142 + 48 = -3*q - f, -t = -3*q + h*f. Calculate the greatest common divisor of 8 and q.
8
Let c = 77 + -56. Calculate the highest common factor of 14 and c.
7
Let j be 16 + 0/(1 + -2). Suppose 3*s - 38 = -0*s + 4*w, s - j = -2*w. Calculate the greatest common divisor of 7 and s.
7
Let x be 20/6*36/15. What is the greatest common factor of 2 and x?
2
Let r = 0 + -8. Let p = r + 6. Let c be p/(-3) + 5/15. What is the greatest common divisor of c and 9?
1
Let t = 94 + -82. Let k be 4/(-10) + (-62)/(-5). What is the highest common divisor of t and k?
12
Let d be 1*-1*((8 - 3) + -16). Suppose 6*p - 2*p = 20. Suppose -p*k = -3*v + v - 55, v - 55 = -5*k. Calculate the highest common divisor of k and d.
11
Suppose -4*c = -120 - 12. Let h(k) = -99*k**2 + 6*k + 2 + 1 + 101*k**2. Let f be h(-4). What is the greatest common divisor of c and f?
11
Let h(s) = -3*s + 3 + 6*s - 6. Let u be h(5). Calculate the highest common divisor of 84 and u.
12
Suppose -3*f + 3*r + 2*r + 9 = 0, -1 = -4*f + 3*r. Let k be f/6 + (-10)/(-3). What is the greatest common divisor of 6 and k?
3
Let q be ((-32)/(-48))/(1/84). What is the highest common divisor of q and 8?
8
Let b(q) = -q. Let y be b(2). Let r be (-2)/((y + 4)/(-32)). What is the greatest common factor of r and 80?
16
Let a(k) = 3*k**2 + k + 2. Let h be a(-2). What is the greatest common divisor of 96 and h?
12
Let w(j) = -j**3 - j - 6. Let d be w(-3). Calculate the greatest common divisor of d and 120.
24
Let w(a) = 4*a. Let j be w(15). What is the greatest common factor of 40 and j?
20
Let m = -22 - -31. Suppose 0*q - 45 = -5*q. What is the highest common factor of q and m?
9
Suppose 0 = -7*n + 2*n + 60. Let o be (-104)/(-14) + (-12)/(-21). What is the highest common factor of n and o?
4
Let v = 71 - 11. Let d = -3 - 1. Let y be d/3*(-18)/4. Calculate the highest common factor of y and v.
6
Suppose -3*z - 3*v = -6, -3*v - 4 = -2*v. Calculate the greatest common divisor of 9 and z.
3
Suppose t = -4*s + 4 + 1, -5*t + 3*s = -25. Suppose -t*n + 291 = -409. Calculate the highest common divisor of 28 and n.
28
Suppose 20 = -w + 6*w. What is the highest common factor of 20 and w?
4
Let q be 3/(-2) + 70/4. Let a = -155 + 283. Calculate the greatest common divisor of a and q.
16
Let i(k) = -2*k - 4. Let z be i(-12). Suppose 0 = p - 3*p + z. Calculate the highest common factor of p and 50.
10
Suppose 0 = -h + 3*h. Suppose h = -p - 0*p - q + 125, 16 = 4*q. Calculate the greatest common divisor of 11 and p.
11
Let c(k) = -k**2 + 7*k - 32. Let v(t) = -t + 1. Let m(s) = -c(s) - 6*v(s). Let b be m(0). Let i = b - 13. What is the greatest common divisor of i and 52?
13
Let m = -85 + 140. Let t(o) = 18*o. Let g be t(-3). Let u be (-12)/g - 392/(-18). What is the greatest common factor of u and m?
11
Suppose 7*w - 2*w - 50 = 0. Suppose -11 = -4*r + 9. Suppose -s + r*q + 44 = 2*q, 260 = 5*s + 5*q. What is the highest common factor of s and w?
10
Let w = -1 - -1. Suppose -4*l + 3*s + 21 + 21 = w, 4*l = s + 46. Let q(b) = -2*b - 13. Let o be q(-8). What is the highest common factor of o and l?
3
Suppose -4*l - l + 40 = 0. What is the highest common divisor of l and 32?
8
Let y(d) = -1 + 5 + 0 + 3*d. Let w be y(4). What is the highest common divisor of w and 8?
8
Suppose 3*p + 62 = -28. Let n be (-575)/p + (-2)/12. Calculate the highest common factor of 171 and n.
19
Let g be (-14)/(-35)*(-1 - 9). Let b be 4*1 - (-8)/g. Let h be -2 + 0 - (-10 - -3). What is the greatest common divisor of b and h?
1
Let o be (-1)/2 - (-41)/2. Let w(z) = -z**2 + 24*z + 20. Let b be w(14). Suppose -b = -c - 0*c. Calculate the greatest common factor of c and o.
20
Let d be (0 + -2 + 1)*-5. Suppose 14 = d*w - 56. Let b = -79 + 205. What is the highest common divisor of b and w?
14
Let j(c) = 35*c. Let f be j(2). What is the highest common factor of 105 and f?
35
Suppose 0 = -5*l + 19 + 31. What is the greatest common factor of l and 2?
2
Let m be -2 - (-10 + (-1 - -1)). Let l = 17 - m. Suppose 3*i = 9 + l. Calculate the highest common divisor of i and 6.
6
Let r be ((-8)/(-28) + -2)/(2/(-84)). What is the highest common factor of 8 and r?
8
Let m(u) = -2 + 1 + 0*u - 6 - 2*u. Let k be m(-6). Suppose l - 3*i + 0*i + 3 = 0, -k*l + 40 = -4*i. What is the highest common factor of l and 4?
4
Let f be (30/(-2) - -4)/((-2)/6). Let n(j) = 2*j**2 + 2*j - 2. Let x be n(-2). Suppose x*l + 2*l = 44. What is the greatest common factor of f and l?
11
Let r = 1 + -1. Suppose -3*y + 345 = 3*h, 3*h = -r*y + y - 95. Calculate the greatest common divisor of 44 and y.
22
Let f(g) = -g**2 + 6*g - 6. Let m be f(4). Let d be m*4/((-24)/(-9)). Suppose d*w - 12 = -w. Calculate the highest common divisor of 3 and w.
3
Suppose -16*c + 19*c - 1263 = 0. Suppose 